m. Is m a prime number?
False
Let o be (-36)/(-30)*(1 - -5034). Suppose 5*i = 2*s + i - o, 4*s - 2*i = 12078. Is s composite?
False
Let s = -22 + 47. Suppose s = 5*h - 5. Suppose -h*o = -4*o - 4*d - 338, 803 = 5*o + 4*d. Is o composite?
False
Let d = -7499 + 21340. Is d a composite number?
False
Let j = 33150 + -17591. Is j a composite number?
False
Suppose -2*t - 1249 = 185. Let f = 1130 + t. Is f a composite number?
True
Let u(b) = -10*b**2 + 34 + 46 - 60 + b**3 - 4*b. Let z be u(10). Let w = 411 - z. Is w prime?
True
Suppose 3*h = -2*d + 281, 4*h + 4*d - 263 = 109. Is h a prime number?
False
Suppose q = 13 - 8. Suppose 1450 = 3*t - 3*m - 794, q*t - 3737 = 4*m. Is t prime?
False
Suppose -b = 5*v + 40, 2*b = 2*v + 3*b + 13. Let w be (7 + v)*59/(-2). Suppose -5*r + w = -176. Is r a composite number?
False
Let x(i) = 674*i**2 - 2*i + 1. Suppose 5*t - 3 = 2*t. Is x(t) a composite number?
False
Let j(d) = -d**3 - 9*d**2 + 32*d + 219. Is j(-12) prime?
False
Suppose -35 = 7*f - 2*f + 2*u, 3*f = -5*u - 21. Let p(s) = s**3 + 6*s**2 - 2*s + 2. Let c be p(f). Let m = 38 - c. Is m a composite number?
False
Suppose -4423 = -17*r + 3210. Is r a prime number?
True
Let y(u) = 111*u**2 - 6*u - 82. Is y(13) a composite number?
True
Suppose 114*k = 115*k + 6674. Is (-24)/60 + k/(-10) a composite number?
True
Suppose 3*m = 0, 12 = 3*q + 3*m - 2*m. Suppose -3*u = 0, -2*u + 796 = q*i - 0*u. Is i a prime number?
True
Let t = 35727 + -17210. Is t a prime number?
True
Let d(h) = -15477*h**3 + 2*h**2 + 3*h + 3. Is d(-1) prime?
False
Suppose 9*l + 14893 = 10*l. Is l a composite number?
True
Is 47/((-2)/(-6) - (-170)/(-555)) a composite number?
True
Suppose 4 - 8 = -4*v, 5*v = l + 10. Let s(u) = u + 1. Let t(w) = -18*w**2 - 7*w - 4. Let m(d) = -6*s(d) - t(d). Is m(l) composite?
False
Let j = -3307 - -13608. Is j a composite number?
False
Let q(n) = -n**3 - 4*n**2 - 3*n. Let j be q(-3). Suppose b = -j*b. Suppose b = y + 3*f - 132, 8 - 2 = -2*f. Is y prime?
False
Let i = -1162 + 2580. Is i prime?
False
Let d(g) = 8*g + 2*g**2 + 5 - 3 + 1. Let h(i) = i + 7. Let w be h(-12). Is d(w) a prime number?
True
Is (933 - 1)*(0 + 1835/20) composite?
True
Let a(b) = b**3 - 5*b**2 - 5*b - 3. Let h be a(6). Suppose 3 = 6*f - h. Is (f - 1) + (-2891)/(-7) a composite number?
True
Suppose -5*k = -h - 28, 0*k - 4*k = 2*h - 14. Suppose 839 = 3*l - 0*o + 4*o, -5 = k*o. Suppose -3*a + 634 = -l. Is a a prime number?
False
Let d = 564 - 65. Is d composite?
False
Suppose -95 - 67 = -6*u. Suppose -21*y - 19230 = -u*y. Is y a prime number?
False
Suppose 0 = -45*v + 48*v - 15. Let d(f) = 234*f - 19. Is d(v) composite?
False
Suppose g + 8847 = t, -2*t + 3*g = -17552 - 138. Is t a composite number?
True
Let h be 1/2*-1*-6. Suppose -h*o - 22 = -4*o. Is o a prime number?
False
Suppose 0 = 2*q + 5*f - 36190, -12010 - 6059 = -q + 4*f. Is q a prime number?
False
Let w be 2 - (-18 - 3)/3. Let v be 6/(-4)*(-30)/w. Suppose z - 65 = -3*u + v*z, 2*u - 35 = z. Is u composite?
True
Let a be (7/14)/((-4)/(-16)). Is (1 + -2 + a)/((-3)/(-11829)) a composite number?
False
Let q(h) = 216*h**2 + 5*h + 6. Let x be q(-9). Suppose -4*k + x = k + t, 4*k + 3*t = 13970. Is k a prime number?
True
Suppose 3*k - 2170 = -2*k. Suppose 4*j = 5*h + 621, 4*j - 3*h = 6*j - 283. Let r = k + j. Is r composite?
True
Suppose 4*j - 20757 + 2977 = 0. Suppose -7*v = -12*v + j. Is v a prime number?
False
Suppose -4*o - m = 471, 3*o + m - 4*m = -357. Let j = o + 641. Is j composite?
False
Let z(h) = -11*h. Let s(l) = 43*l + 1. Let j(w) = 2*s(w) + 9*z(w). Let f(i) = -i**2 + 2*i - 4. Let m be f(3). Is j(m) a prime number?
False
Suppose -32370 = -2*m + 58992. Is m composite?
True
Let a = -50 - -52. Suppose -4*f + 4299 = -0*n + 5*n, a*f = 3*n - 2597. Is n a composite number?
False
Let u(o) = -3*o**3 - 2*o**2 + 2*o + 4. Let x be u(-3). Suppose -x = 3*f + 77. Is (0 - f)*(-1)/(-2) a prime number?
True
Is -13798*(-10)/((-240)/(-12)) prime?
True
Let z be ((-12)/30)/(2/(-10)). Suppose 4*l - 4*o = 8120, 3*l - z*o - 6093 = -0*l. Is l prime?
False
Suppose -5*n + 878 + 2637 = 0. Let x = -165 + n. Is x a prime number?
False
Suppose 0*i - 5*i + 20 = 0. Let v be 54/63*14/i. Suppose -428 = -4*a + 4*d, -a + d + v*d = -110. Is a a composite number?
True
Suppose 5*m = -4*s + 16007, -m + 0*s + 3202 = s. Is m prime?
False
Is ((-40)/(-25))/(-4)*417505/(-22) composite?
False
Let n = 24 + -22. Is (-9 - -6)*n/3 + 2571 a prime number?
False
Suppose -x + 3*j = -2386, -2*j - 3 = j. Is x prime?
True
Suppose -2*z = -2*y + 254, -3*z - 511 = -4*y - 2*z. Suppose -u - 5*g = -g + 15, -12 = 2*u + 2*g. Is y - (16/4 + u) composite?
False
Let i(j) = -23030*j - 353. Is i(-5) composite?
False
Suppose -3*m - 3445 = -16*m. Is m prime?
False
Suppose n - 310 = 97. Suppose -n = 5*x - 2087. Suppose -2*s + x + 326 = 0. Is s a prime number?
True
Suppose -s - 6 = -25. Let f = s + -17. Is f a composite number?
False
Suppose 5*v - 17 = 3. Suppose -1 = v*n - 4*d + d, -4*d - 36 = 4*n. Is n/(-14) + 865/35 a prime number?
False
Let u be (-65)/13 - (-9 - -1). Is 1*(4 + u + -4) - -2030 composite?
True
Let r = -33 + 36. Is (178/4)/(r/6) composite?
False
Let d = -16 - -24. Suppose 2238 = -2*g + d*g. Is g composite?
False
Let p(b) = 2*b**3 + 4*b**2 - 3*b + 10. Let f be p(8). Suppose i = 7*i - f. Is i a prime number?
True
Is -12 - -2 - (-18043 - 44) composite?
False
Suppose 5*i - 14 = -5*j + 3*i, -4*i + 2 = -3*j. Suppose -3*f + b = -j*f - 1070, -3*f = 4*b - 3189. Is f a composite number?
True
Let p = 27966 - -1191. Is p composite?
True
Suppose 3*i = -0*l + 4*l - 27, 4*i = -5*l + 26. Let u be 10186/6 - l/9. Suppose 3*c - u = 466. Is c composite?
True
Suppose d - 10732 = -2*g, -2*d = g - 4*g - 21485. Let t = -7301 + d. Is t prime?
False
Suppose 0*t = -3*t - 3*z + 1137, 4*t - 3*z = 1516. Is t a composite number?
False
Let x(v) be the third derivative of -1/8*v**4 - 1/6*v**3 + 0 + 7/60*v**5 - 3*v**2 + 0*v. Is x(-2) composite?
True
Suppose -3 = -3*w + 4*v + 29, 4*w + v = 30. Suppose 2*f = -2*f + w, 3*i - 5*f - 2651 = 0. Is i a prime number?
True
Is -348073*4/(-40) + (-18)/60 composite?
False
Let q = 105 - -404. Is q a prime number?
True
Suppose -19*j = -15*j + 652. Let w = 232 - j. Is w prime?
False
Let n be ((-2 - -3)*1 - -2)*-631. Is ((-70)/15 + 5)/((-1)/n) a composite number?
False
Let f = 8952 - -19057. Is f a prime number?
False
Let a = 8267 + -5810. Let i = -1526 + a. Suppose 4*u + z - 937 = 0, 2*u - 3*z = 6*u - i. Is u prime?
False
Suppose 5*n + 16102 = a, 4*a - 5*n = -0*a + 64483. Is a a composite number?
False
Suppose 3*c + 1 = -l - 0, 5*c = -2*l - 1. Let f = l + 23. Is f composite?
True
Let j(i) = -i**3 + i**2 + i. Let b be j(2). Is b/(-6) + (704/6)/2 a composite number?
False
Let c(b) = -4*b. Let z be c(-2). Is (-4)/16 - (-2010)/z a prime number?
True
Let z = 84512 + -55101. Is z a composite number?
False
Let m = -892 + 3699. Is m a prime number?
False
Let t(s) = -2265*s**3 + 7*s**2 + 5*s. Is t(-1) a composite number?
False
Let m be -71 + 0/(4 + -1). Let i = m - -51. Let t = -5 - i. Is t a prime number?
False
Suppose 7*w = -0*w + 21. Suppose -2*c = -4*m - 7*c + 45, 0 = -m + w*c + 7. Is m a prime number?
False
Let p be 2/(3 - 1) - -55. Suppose 2*m - p = 64. Is 36/m - (-6684)/10 composite?
True
Is 254287/44 + 6/(-24) a prime number?
True
Let k = 6 + 9. Is 7056/k - (-3)/5 composite?
True
Let i be 66042/72 - (-2)/(-8). Suppose -28 + i = 7*q. Is q a prime number?
True
Let u be (-3109)/(-5) + 2/10. Suppose -5*c - p = -3*p + u, p = -4*c - 508. Is c/6*(-1)/3 a composite number?
False
Is 5607 + 10*(-12)/30 composite?
True
Suppose -3*c + 42228 = 3*d, 16*d = -5*c + 15*d + 70400. Is c a composite number?
False
Let b(a) be the third derivative of 71*a**6/40 + a**5/60 - a**4/12 + a**3/3 - 21*a**2. Is b(1) prime?
False
Let p(o) = -80*o**3 - 11*o - 1. Is p(-4) a prime number?
False
Let f = -2396 + 5595. Is f a prime number?
False
Let w(h) = -24*h**2 - 4*h - 11. Let f be w(-5). Let c = -397 - f. Is c a composite number?
True
Suppose 1098 - 7098 = -3*o. Let w = o - 993. Is w prime?
False
Let x = 45 + -41. Suppose 5*q - w = 6983, -x*q + q - 3*w + 4197 = 0. Is q a composite number?
True
Let q(a) = -1294*a - 15. Is q(-28) a prime number?
True
Let x(t) be the third derivative of t**6/120 + 2*t**5/5 - 19*t**4/24 - 